4
What is the value of (35 - (-32 - (-15 - 16))) + 38?
74
What is the value of (-1 - -14) + -32 + 24 - -39?
44
What is the value of -143 - -159 - (62 - (3 - -18))?
-25
Evaluate (-20 - -7) + -17 + -14 + 11.
-33
What is the value of (7 - -5) + -5 + -9 - (2 + 4 + 0)?
-8
-85 - -37 - (-22 + -18) - (-81 + -1)
74
Evaluate (-14 - -7) + (1 - 4) + (-2126 - -2145).
9
Evaluate -1 + 40 + (202 - 217) - (1 + 9) - -9.
23
Evaluate -19 + 34 + (42 - 12).
45
Evaluate (-6 - (-34 + 30)) + (1 - 0) - (14 + -3).
-12
Evaluate ((4 - 6) + -18 - (91 - 119)) + (61 - 1).
68
What is 24 + (-65 - -28) - 18?
-31
Evaluate -1 - 18 - (-140 - (-319 - -162)).
-36
1 - (-43 + -6 + 23 + 43)
-16
6 - (-47 + (13 + 35 - 11))
16
(30 + -48 + 33 - 0) + -1 + -8 + 72
78
What is the value of -24 - (6 + 8 - 26) - (9 - (-2 - -102))?
79
Evaluate 65 + (-23 - (89 + -63)).
16
Evaluate 531 - 490 - (48 + 0).
-7
What is the value of 4751 + -4751 + (0 - 0 - 48)?
-48
What is the value of 1 - -1 - ((-64 - (10 + -6)) + -409 + 404)?
75
Calculate (79 - (-37 + 56)) + -26.
34
What is (80 - (8 + 22)) + -11?
39
-53 - (-6 + 0) - ((-11 - (-21 + 4)) + -11)
-42
-89 + -4 + 13 + -10 + (7 - (11 - 10))
-84
Evaluate -67 + 33 - 28 - -34.
-28
Calculate -26 + (29 - 53 - -62).
12
What is 8 + 9 + (4 - 4 - -21)?
38
Evaluate 48 - (16 + 18 + -20 + -4 + -5).
43
Evaluate -1 - (-1 + -1) - 3 - (5699 - 5704) - -69.
72
What is (-1 - 66) + -2 - ((-59 + 4 - -22) + 30)?
-66
-13 - (-78 - (47 - 100))
12
What is the value of -11 - 21 - 56 - -47?
-41
Calculate (1 - 0) + -6 - (-439 - -100 - -244).
90
Calculate (-2 - (1 + -15)) + -5 + (-50 - (-33 - -17)).
-27
Evaluate 5 + (14 - 18) - (-34 + 8) - 10.
17
Evaluate 5 + (5 - 3) + (-20 + 17 - 4) + 54.
54
Calculate 247 + -91 + -12 + -84.
60
What is (590 - 451) + (-1 - -29) - 34?
133
Evaluate 48 + (-3 - -4) - (-13 - -12).
50
-27 + -10 + (-17 - -23) + 12 + -3
-22
Evaluate 2 - 89 - ((-34 - 1) + (-385 - -416)).
-83
What is the value of -123 - (-552 + 570 + -30 + 0)?
-111
Evaluate (54 - 167 - -78) + -58.
-93
Calculate (-377 - -458) + (-1 - 2) + 6.
84
What is the value of (-2 - -28) + 61 - (10 - (7 - 2 - 5))?
77
What is 16 + -70 + -17 + 27 + (-4 - 13)?
-61
What is (-8 - (17 - 6 - 51)) + 1 + 6 + -5?
34
What is -24 - (6 + (19 - 8) - (9 + 7))?
-25
53 + (-52 - (-80 - -167))
-86
-4 + -3 + -12 + (5 - -10)
-4
635 + -651 - ((8 - 4) + -59)
39
Calculate 42 + (11 - (-7 - -7) - -10) + -10.
53
What is (-15 - ((-2 - -13) + 5 + -27)) + 12?
8
Calculate -15 - (0 + -6 + -57 + 77 + -15).
-14
What is 16 - 8 - -10 - (4 + -17)?
31
Calculate 8 + 3 + -25 + 25 - 38.
-27
18 - (8 - (12 - (-2 + -5))) - (-15 - -18)
26
-7 + -9 - (53 + 14 + -203)
120
96 + 34 + -38 + (3 + -4 - -5)
96
Calculate (2 - -3) + (-2 - -9) - (-60 + 52).
20
What is 0 + -109 + (29 + 2 - (-78 + 88)) + -11?
-99
What is 33 - (-91 - -60) - 135?
-71
What is -65 - -69 - 45 - (-11 + 0)?
-30
What is the value of -1910 - -2101 - (133 - -1)?
57
Evaluate (-47 - -52) + -4 + 4 + 3 + -74 + -3.
-69
28 - 2 - ((4 - (10 + -5)) + 14)
13
What is 1 - -78 - (-196 - -324)?
-49
Calculate 73 + (87 - (195 - 73)).
38
Calculate 23 + (9 - ((11 - 16) + -8 + 15)).
30
What is the value of (1861 - 1815) + (2 - 16)?
32
Evaluate 3 - 0 - (-128 - -119).
12
34 - 6 - (-41 - (-54 + 35))
50
Evaluate (-2 + -10 - -3) + 39 + (0 - 5) + 7.
32
What is the value of 17 - (-1 + 3) - (373 - 344 - (-5 + 8))?
-11
Evaluate (-18 - (2 - (-1 - -18))) + -42.
-45
What is (12 - (-8 + 68 + 11)) + (0 - -6 - -4)?
-49
What is the value of 5 - (18 + -2 + -16) - 34?
-29
Calculate (28 - 24) + 22 + (31 - 44).
13
What is the value of (-4 - (1 - 3)) + -1 + (611 - 640)?
-32
What is (9 + -9 + (9 - 2) - 1) + -50?
-44
Calculate 10 + -3 + (0 - 3 - (24 + -70)).
50
Evaluate 2481 - 2495 - (1 + (-17 - 0)).
2
What is 94 + (-92 - 37) - (-19 + -1)?
-15
Evaluate (-1 - 0) + 12 + -2398 + 2414.
27
61 + -42 + 0 - (-9 - 0)
28
What is -136 + 339 + -122 - 40?
41
What is -20 + 59 + (12 + -59 - -73)?
65
What is the value of -15 + 25 + -18 + (-3 - 2 - -9)?
-4
Calculate 2 - (-56 - -44 - (4 + -22 + (7 - 10))).
-7
What is 14 + 3 - -19 - (71 + 12)?
-47
Calculate (243 - 265) + -6 + -9.
-37
What is the value of 108 - 85 - 31 - (-1 - 20)?
13
What is 32 - (0 + -2) - (99 - (181 + -85))?
31
-17 + 15 - (-7 + -59 + -1 + 10)
55
What is -89 + (-13 - -101) + 90?
89
19 + -40 - (-9 + 32 + -17) - (-9 - 0)
-18
Calculate -2740 - -2743 - (-12 + -3 - 3).
21
Evaluate 9 - 3 - (1 - 3 - (6 + 1 - 64)).
-49
What is 85 - 24 - (-6 + (3 - 0) + -2 + 0)?
66
9 - ((110 - 53) + (-1 - -4) + (-5 - 6))
-40
What is the value of 160 - (13 + 5) - ((-8 - -21) + 1)?
128
Calculate -1 + -14 + 1 + (230 - 210) - (-97 + -4).
107
What is 1629 - 1653 - (0 - 23)?
-1
What is the value of -3 + -1 - (-3 - -15) - (-355 - -277)?
62
What is -6 + -14 + (15 - (-41 - -22)) + 80?
94
What is 25 + 0 + 19 + (-34 - 5) - 144?
-139
Calculate -232 + -44 + 140 - -211.
75
Calculate 1 + 74 - (13098 - 12951).
-72
Calculate -11432 - -11386 - ((0 - -1 - 1) + 2).
-48
What is (1 - (133 - -13) - -15) + 17 + -2?
-115
What is (71 - (51 + 35)) + 54?
39
What is -40 + (-19 - -53) - ((-2 - -6 - 0) + -14)?
4
What is (-108 - (-138 - 96)) + -88?
38
What is -73 + (-57 - -312) - 75?
107
What is -258 + (5 - -243) + (-47 - (-1 + (0 - 0)))?
-56
Calculate (-257 - (-106 - -13)) + 81.
-83
Evaluate -75 - -2 - (1 + (55 - 78)).
-51
Evaluate 105 - (-1 + 17 + (-89 - -66) + -5).
117
What is the value of -8 + (-174 - -87) + 141?
46
Evaluate -14 + (3 - (20 + -8 + -15 + 7) - -84).
69
What is (61 - 38) + -41 - -15?
-3
(4 - -11) + 44 - (-2 - -19)
42
-47 + (1 - -18) - (-18 + 1 + -4)
-7
What is the value of (99 - 160) + 45 - -142?
126
Evaluate 11 + (-9 - -10) + (34 - -5) + 12 - 15.
48
What is -99 + 1 + (-13904 - -13993)?
-9
3 + -9 - (52 - (83 - 50))
-25
What is -17 + -4 + 7 - ((-20 - -16) + -9)?
-1
What is the value of -24 + (-18 + 6 + 13 - 20)?
-43
Calculate -40 - (-33 - 46) - 50.
-11
Evaluate 41 - ((3 - -44) + -48).
42
What is the value of (1 - 0 - 3) + (-83 - 43) + 124?
-4
What is the value of 2 + 0 - (-2 + 5) - (23 - (-15 - -36))?
-3
Calculate -13 + (17 + -30 - 11).
-37
36 + -14 + -69 - -58
11
-7 + (-71 - 2) + (8 - (11 - 5)) + -9
-87
Evaluate 300 + -267 + (-3 - 27) - 49.
-46
What is the value of -5 + 5 + 9 + -1 + -5 - (31 + -2)?
-26
What is the value of 89 + (31 - 30) - 120?
-30
Evaluate 64 + -4 - (-8 + (29 - (-4 + 21))).
56
Evaluate (19 - (22 - 42)) + -83.
-44
Evaluate -233 + 229 + 5 + -1 + 40 + -41.
-1
112 - (-67 + 26 - -64) - 29
60
Evaluate -33 + (18 - (21 - 20)) + 44.
28
-15 + -25 + 1 + (15 - 4)
-28
Calculate -1069 + 1014 - ((0 - 0) + -19).
-36
Calculate -2451 - -2429 - (15 - 2).
-35
What is 13 + 4 + 31 + 6 + -88?
-34
Calculate (-173 - -206) + (-1 - 14).
18
Evaluate 5 - -94 - 145 - (-28 + 0).
-18
(0 - (-6 - -17) - -23) + 7 - 101
-82
-67 + (407 - 410) + (3 - -2)
-65
(-301 - -146 - -229) + 2
76
What is the value of -71 - ((-24 - -7 - -2) + 3 + -2)?
-57
What is (246 + -214 - (18 - -1)) + -51?
-38
What is (-70 - -77) + (-10 - -7 - (18 - 4))?
-10
What is (85 - 0) + (49 - (-47 - (14 - 124)))?
71
-9 - (0 - 1) - (13 + -40)
19
9 - ((-5 + 8 + 4 - 15) + 70) - -1
-52
What is the value of 1 + -8 - (102 + -7 + 28 + -77)?
-53
What is the value of 301 - 305 - ((-2 - -1 - -3 - 0) + 4)?
-10
Evaluate (-30 - (-61 - -19)) + 4 + (5 - -19).
40
Calculate (22 - 12) + (-52 - -17 - -17).
-8
Evaluate (1187 - 1171) + 27 + -1.
42
What is the value of -93 - (-115 + 50) - (1 - 161)?
132
Calculate 6 - (26 - 6) - (4 - 48) - -6.
36
Calculate (-7 - -4) + 15 - (-42 - -41) - 12.
1
Calculate 15 - (-47 + 154) - -109.
17
-2 + 0 + (-2 - -36) + 2006 + -1941
97
37 - (36 - (-15 + -9 + 33) - 14)
24
What is the value of 0 + -4 - -45 - (77 + -66 - (4 + -3))?
31
Evaluate -102 + 26 + 58 + 83.
65
What is the value of (7 - (-14 + 7)) + -74 + (-1 - -10) + -6?
-57
Calculate -6 + -12 + 36 - (11 + -16 - -49).
-26
What is the value of 62 - (-36 + 75 + 15)?
8
Evaluate 58 + (17 + -5 + 2 - (-30 - (41 + -77))).
66
(6 - 18 - -5) + 42 + 1 + -8
28
Calculate 27 - (15 + (7 - -63)).
-58
Evaluate 18 + 8 + 1 + (23 - 49) + 25 + 4.
30
What is 1 + 4 + (-114 - -97) + -1 + (-1 - -14)?
0
Calculate 19 + 7 + 3 + -47 + 13.
-5
(-8 - ((-44 - -15 - -20) + 1 + -3)) + -110
-107
What is 14 + (-13 - -64 - 0) + (-28 - -47)?
84
Calculate 604 - 610 - (3 - 17).
8
Calculate 13 + 63 - (99 + -27).
4
-41 - (-891 + 834 + 30 + -2)
-12
What is t